    {"id":1574,"date":"2024-11-16T13:48:11","date_gmt":"2024-11-16T23:48:11","guid":{"rendered":"https:\/\/dictionnaire-cep.upf.pf\/ressources\/sources-archivistiques\/"},"modified":"2025-01-30T09:55:10","modified_gmt":"2025-01-30T19:55:10","slug":"sources-archivistiques","status":"publish","type":"page","link":"https:\/\/dictionnaire-cep.upf.pf\/tah\/ressources\/sources-archivistiques\/","title":{"rendered":"Sources archivistiques"},"content":{"rendered":"<!--themify_builder_content-->\n<div id=\"themify_builder_content-1574\" data-postid=\"1574\" class=\"themify_builder_content themify_builder_content-1574 themify_builder tf_clear\">\n                    <div  data-css_id=\"1tuh972\" data-lazy=\"1\" class=\"module_row themify_builder_row fullwidth_row_container tb_1tuh972 tb_first tf_w wow\" data-tf-animation=\"fadeIn\">\n            <span class=\"builder_row_cover tf_abs\"><\/span>            <div class=\"row_inner col_align_top tb_col_count_1 tf_box tf_rel\">\n                        <div  data-lazy=\"1\" class=\"module_column tb-column col-full tb_3ntr972 first\">\n                    <!-- module text -->\n<div  class=\"module module-text tb_r2b7972   \" data-lazy=\"1\">\n        <div  class=\"tb_text_wrap\">\n        <h1>R\u0101ve\u2019a ana upu<\/h1>    <\/div>\n<\/div>\n<!-- \/module text -->        <\/div>\n                        <\/div>\n        <\/div>\n                        <div  data-lazy=\"1\" class=\"module_row themify_builder_row tb_32ca52 tf_w\">\n                        <div class=\"row_inner col_align_top tb_col_count_2 tf_box tf_rel\">\n                        <div  data-lazy=\"1\" class=\"module_column tb-column col4-2 tb_33i1277 first\">\n                    <!-- module toc -->\n<div  class=\"module module-toc tb_toc_c tb_07zd278  tb_toc_tree\" data-lazy=\"1\" data-tags=\"h2|h3\" data-maxh=\"32\" data-min=\"2\" data-cont=\"b\">\n    <div class=\"tb_toc_head tf_clearfix\">\n    <h3 class=\"module-title\">Liste des sources<\/h3>    <\/div>\n                    <template class=\"tpl_toc_cic\">\n            <span class=\"tf_fa tb_toc_cic\"><\/span>        <\/template>\n        <template class=\"tpl_toc_cic_close\">\n            <span class=\"tf_fa tb_toc_cic_close tf_hide\"><\/span>        <\/template>\n    <\/div>\n<!-- \/module toc -->\n        <\/div>\n                    <div  data-lazy=\"1\" class=\"module_column tb-column col4-2 tb_5z34490 last\">\n                    <!-- module plain text -->\n<div  class=\"module module-plain-text tb_9g3i993 \" data-lazy=\"1\">\n        <div class=\"tb_text_wrap\">\n    <div class=\"notice-cep-archive\"><div class=\"notice-cep-item\" style=\"display: flex; margin-bottom: 20px; align-items: flex-start;\"><div class=\"notice-cep-image-col\" style=\"flex: 0 0 25%; max-width: 25%; padding-right: 15px;\"><a href=\"https:\/\/dictionnaire-cep.upf.pf\/tah\/notice-cep\/te-tapimate-i-te-rainbow-warrior-mai-te-tano-o-te-hau-e-na-te-haavare-atu-a-te-hau\/\" title=\"Te tapimate i te Rainbow Warrior\u00a0: Mai te tano o te Hau e n\u0101 te ha\u2019avare atu a te Hau\"><img loading=\"lazy\" decoding=\"async\" width=\"300\" height=\"225\" src=\"https:\/\/dictionnaire-cep.upf.pf\/wp-content\/uploads\/2025\/11\/RW-notice-300x225.png\" class=\"notice-cep-image wp-post-image\" alt=\"\" style=\"width: 100%; border-radius: 0px;\" srcset=\"https:\/\/dictionnaire-cep.upf.pf\/wp-content\/uploads\/2025\/11\/RW-notice-300x225.png 300w, https:\/\/dictionnaire-cep.upf.pf\/wp-content\/uploads\/2025\/11\/RW-notice-768x575.png 768w, https:\/\/dictionnaire-cep.upf.pf\/wp-content\/uploads\/2025\/11\/RW-notice.png 945w\" sizes=\"auto, (max-width: 300px) 100vw, 300px\" \/><\/a><\/div><div class=\"notice-cep-content-col\" style=\"flex: 0 0 75%; max-width: 75%;\"><h2 style=\"margin: 0 0 10px; font-size: 1.5em;\"><a href=\"https:\/\/dictionnaire-cep.upf.pf\/tah\/notice-cep\/te-tapimate-i-te-rainbow-warrior-mai-te-tano-o-te-hau-e-na-te-haavare-atu-a-te-hau\/\" style=\"text-decoration: none; color: inherit;\" title=\"Te tapimate i te Rainbow Warrior\u00a0: Mai te tano o te Hau e n\u0101 te ha\u2019avare atu a te Hau\">Te tapimate i te Rainbow Warrior\u00a0: Mai te tano o te Hau e n\u0101 te ha\u2019avare atu a te Hau<\/a><\/h2><div class=\"module module-icon icon_horizontal\">    <div class=\"module-icon-item\">        <em class=\"tf_box\" style=\"color:#008f98\">            <svg class=\"tf_fa tf-far-calendar-alt\" aria-hidden=\"true\"><use href=\"#tf-far-calendar-alt\"><\/use><\/svg>        <\/em><span style=\"font-size: 12px; color:#008f98;\">Mahana faaite :  6 November 2025<\/span>    <\/div><\/div><div style=\"margin-bottom: 15px;\"><p>Non disponibles<\/p>\n<\/div><a href=\"https:\/\/dictionnaire-cep.upf.pf\/tah\/notice-cep\/te-tapimate-i-te-rainbow-warrior-mai-te-tano-o-te-hau-e-na-te-haavare-atu-a-te-hau\/\" style=\"border: 1px solid #707070; display: inline-block; padding: 10px 20px; background-color: #4a5d8a; color: #fff; text-decoration: none; border-radius: 0px; margin-top: 10px;\" title=\"Te tapimate i te Rainbow Warrior\u00a0: Mai te tano o te Hau e n\u0101 te ha\u2019avare atu a te Hau\">Lire la Notice<\/a><\/div><\/div><div class=\"notice-cep-item\" style=\"display: flex; margin-bottom: 20px; align-items: flex-start;\"><div class=\"notice-cep-image-col\" style=\"flex: 0 0 25%; max-width: 25%; padding-right: 15px;\"><a href=\"https:\/\/dictionnaire-cep.upf.pf\/tah\/notice-cep\/mata-ara-natihau-o-te-parautia\/\" title=\"Mata-Ara Natihau o te Parauti\u2019a\"><img loading=\"lazy\" decoding=\"async\" width=\"300\" height=\"286\" src=\"https:\/\/dictionnaire-cep.upf.pf\/wp-content\/uploads\/2025\/09\/CIJ-300x286.jpg\" class=\"notice-cep-image wp-post-image\" alt=\"\" style=\"width: 100%; border-radius: 0px;\" srcset=\"https:\/\/dictionnaire-cep.upf.pf\/wp-content\/uploads\/2025\/09\/CIJ-300x286.jpg 300w, https:\/\/dictionnaire-cep.upf.pf\/wp-content\/uploads\/2025\/09\/CIJ.jpg 365w\" sizes=\"auto, (max-width: 300px) 100vw, 300px\" \/><\/a><\/div><div class=\"notice-cep-content-col\" style=\"flex: 0 0 75%; max-width: 75%;\"><h2 style=\"margin: 0 0 10px; font-size: 1.5em;\"><a href=\"https:\/\/dictionnaire-cep.upf.pf\/tah\/notice-cep\/mata-ara-natihau-o-te-parautia\/\" style=\"text-decoration: none; color: inherit;\" title=\"Mata-Ara Natihau o te Parauti\u2019a\">Mata-Ara Natihau o te Parauti\u2019a<\/a><\/h2><div class=\"module module-icon icon_horizontal\">    <div class=\"module-icon-item\">        <em class=\"tf_box\" style=\"color:#008f98\">            <svg class=\"tf_fa tf-far-calendar-alt\" aria-hidden=\"true\"><use href=\"#tf-far-calendar-alt\"><\/use><\/svg>        <\/em><span style=\"font-size: 12px; color:#008f98;\">Mahana faaite :  9 September 2025<\/span>    <\/div><\/div><div style=\"margin-bottom: 15px;\"><p>Ve\u2019a mana a te \u2019\u0100po\u2019ora\u2019a Huito\u2019of\u0101<br \/>\nMau Putu-p\u0101pa\u2019i piahia e te CIJ, 1973, 1974, 1986, 1996.<\/p>\n<\/div><a href=\"https:\/\/dictionnaire-cep.upf.pf\/tah\/notice-cep\/mata-ara-natihau-o-te-parautia\/\" style=\"border: 1px solid #707070; display: inline-block; padding: 10px 20px; background-color: #4a5d8a; color: #fff; text-decoration: none; border-radius: 0px; margin-top: 10px;\" title=\"Mata-Ara Natihau o te Parauti\u2019a\">Lire la Notice<\/a><\/div><\/div><div class=\"notice-cep-item\" style=\"display: flex; margin-bottom: 20px; align-items: flex-start;\"><div class=\"notice-cep-image-col\" style=\"flex: 0 0 25%; max-width: 25%; padding-right: 15px;\"><a href=\"https:\/\/dictionnaire-cep.upf.pf\/tah\/notice-cep\/john-teariki-1914-1983\/\" title=\"John Teariki (1914-1983)\"><img loading=\"lazy\" decoding=\"async\" width=\"300\" height=\"60\" src=\"https:\/\/dictionnaire-cep.upf.pf\/wp-content\/uploads\/2025\/02\/John-Teariki-300x60.jpg\" class=\"notice-cep-image wp-post-image\" alt=\"\" style=\"width: 100%; border-radius: 0px;\" srcset=\"https:\/\/dictionnaire-cep.upf.pf\/wp-content\/uploads\/2025\/02\/John-Teariki-300x60.jpg 300w, https:\/\/dictionnaire-cep.upf.pf\/wp-content\/uploads\/2025\/02\/John-Teariki-1024x206.jpg 1024w, https:\/\/dictionnaire-cep.upf.pf\/wp-content\/uploads\/2025\/02\/John-Teariki-768x155.jpg 768w, https:\/\/dictionnaire-cep.upf.pf\/wp-content\/uploads\/2025\/02\/John-Teariki-1536x309.jpg 1536w, https:\/\/dictionnaire-cep.upf.pf\/wp-content\/uploads\/2025\/02\/John-Teariki-2048x413.jpg 2048w\" sizes=\"auto, (max-width: 300px) 100vw, 300px\" \/><\/a><\/div><div class=\"notice-cep-content-col\" style=\"flex: 0 0 75%; max-width: 75%;\"><h2 style=\"margin: 0 0 10px; font-size: 1.5em;\"><a href=\"https:\/\/dictionnaire-cep.upf.pf\/tah\/notice-cep\/john-teariki-1914-1983\/\" style=\"text-decoration: none; color: inherit;\" title=\"John Teariki (1914-1983)\">John Teariki (1914-1983)<\/a><\/h2><div class=\"module module-icon icon_horizontal\">    <div class=\"module-icon-item\">        <em class=\"tf_box\" style=\"color:#008f98\">            <svg class=\"tf_fa tf-far-calendar-alt\" aria-hidden=\"true\"><use href=\"#tf-far-calendar-alt\"><\/use><\/svg>        <\/em><span style=\"font-size: 12px; color:#008f98;\">Mahana faaite :  18 February 2025<\/span>    <\/div><\/div><div style=\"margin-bottom: 15px;\"><p><a href=\"https:\/\/imagesdefense.gouv.fr\/fr\/entretien-avec-henri-bouvier-conseiller-municipal-createur-et-premier-directeur-du-centre-des-metiers-d-art-de-la-polynesie-francaise-cmapf-a-papeete-et-fervent-opposant-aux-essaix-nucleaires-debut.html\"><span style=\"font-weight: 400;\">https:\/\/imagesdefense.gouv.fr\/fr\/entretien-avec-henri-bouvier-conseiller-municipal-createur-et-premier-directeur-du-centre-des-metiers-d-art-de-la-polynesie-francaise-cmapf-a-papeete-et-fervent-opposant-aux-essaix-nucleaires-debut.html<\/span><\/a><\/p>\n<p><span style=\"font-weight: 400;\">Cl\u00e9mence Mallochon, (Con)tester la bombe fran\u00e7aise : l\u2019implantation du CEP au regard des luttes antinucl\u00e9aires (1962-1966), s\u00e9minaire de la Maison des Sciences Humaines du Pacifique, Universit\u00e9 de Polyn\u00e9sie fran\u00e7aise, 26 mars 2021, <\/span><a href=\"https:\/\/videos.upf.pf\/video\/0296-contester-la-bombe-francaise-limplantation-du-cep-au-regard-des-luttes-antinucleaires-1962-1966\/\"><span style=\"font-weight: 400;\">https:\/\/videos.upf.pf\/video\/0296-contester-la-bombe-francaise-limplantation-du-cep-au-regard-des-luttes-antinucleaires-1962-1966\/<\/span><\/a><\/p>\n<\/div><a href=\"https:\/\/dictionnaire-cep.upf.pf\/tah\/notice-cep\/john-teariki-1914-1983\/\" style=\"border: 1px solid #707070; display: inline-block; padding: 10px 20px; background-color: #4a5d8a; color: #fff; text-decoration: none; border-radius: 0px; margin-top: 10px;\" title=\"John Teariki (1914-1983)\">Lire la Notice<\/a><\/div><\/div><div class=\"notice-cep-item\" style=\"display: flex; margin-bottom: 20px; align-items: flex-start;\"><div class=\"notice-cep-image-col\" style=\"flex: 0 0 25%; max-width: 25%; padding-right: 15px;\"><a href=\"https:\/\/dictionnaire-cep.upf.pf\/tah\/notice-cep\/gaston-flosse-1931\/\" title=\"Gaston Flosse (1931-)\"><img loading=\"lazy\" decoding=\"async\" width=\"300\" height=\"202\" src=\"https:\/\/dictionnaire-cep.upf.pf\/wp-content\/uploads\/2026\/01\/\u00a9-Roland-PellegrinoECPADDe\u0301fense-300x202.png\" class=\"notice-cep-image wp-post-image\" alt=\"\" style=\"width: 100%; border-radius: 0px;\" srcset=\"https:\/\/dictionnaire-cep.upf.pf\/wp-content\/uploads\/2026\/01\/\u00a9-Roland-PellegrinoECPADDe\u0301fense-300x202.png 300w, https:\/\/dictionnaire-cep.upf.pf\/wp-content\/uploads\/2026\/01\/\u00a9-Roland-PellegrinoECPADDe\u0301fense-768x518.png 768w, https:\/\/dictionnaire-cep.upf.pf\/wp-content\/uploads\/2026\/01\/\u00a9-Roland-PellegrinoECPADDe\u0301fense.png 945w\" sizes=\"auto, (max-width: 300px) 100vw, 300px\" \/><\/a><\/div><div class=\"notice-cep-content-col\" style=\"flex: 0 0 75%; max-width: 75%;\"><h2 style=\"margin: 0 0 10px; font-size: 1.5em;\"><a href=\"https:\/\/dictionnaire-cep.upf.pf\/tah\/notice-cep\/gaston-flosse-1931\/\" style=\"text-decoration: none; color: inherit;\" title=\"Gaston Flosse (1931-)\">Gaston Flosse (1931-)<\/a><\/h2><div class=\"module module-icon icon_horizontal\">    <div class=\"module-icon-item\">        <em class=\"tf_box\" style=\"color:#008f98\">            <svg class=\"tf_fa tf-far-calendar-alt\" aria-hidden=\"true\"><use href=\"#tf-far-calendar-alt\"><\/use><\/svg>        <\/em><span style=\"font-size: 12px; color:#008f98;\">Mahana faaite :  6 February 2025<\/span>    <\/div><\/div><div style=\"margin-bottom: 15px;\"><p>Archives nationales de France, AG\/5(1)\/145, Pr\u00e9sidence de Charles de Gaulle.<br \/>\nArchives nationales de France, AG\/5(5)\/BE\/88, Pr\u00e9sidence de Jacques Chirac.<\/p>\n<p>https:\/\/imagesdefense.gouv.fr\/fr\/visite-de-francois-mitterrand-president-de-la-republique-en-polynesie-francaise-description-en-cours-424.html <\/p>\n<\/div><a href=\"https:\/\/dictionnaire-cep.upf.pf\/tah\/notice-cep\/gaston-flosse-1931\/\" style=\"border: 1px solid #707070; display: inline-block; padding: 10px 20px; background-color: #4a5d8a; color: #fff; text-decoration: none; border-radius: 0px; margin-top: 10px;\" title=\"Gaston Flosse (1931-)\">Lire la Notice<\/a><\/div><\/div><div class=\"notice-cep-item\" style=\"display: flex; margin-bottom: 20px; align-items: flex-start;\"><div class=\"notice-cep-image-col\" style=\"flex: 0 0 25%; max-width: 25%; padding-right: 15px;\"><a href=\"https:\/\/dictionnaire-cep.upf.pf\/tah\/notice-cep\/les-effectifs-et-la-main-doeuvre-du-cep\/\" title=\"Te mau rahira\u2019a ta\u2019ata e te rima-\u2019ohipa a te CEP\"><img loading=\"lazy\" decoding=\"async\" width=\"300\" height=\"60\" src=\"https:\/\/dictionnaire-cep.upf.pf\/wp-content\/uploads\/2025\/02\/Les-effectifs-et-la-main-doeuvre-du-CEP-300x60.jpeg\" class=\"notice-cep-image wp-post-image\" alt=\"\" style=\"width: 100%; border-radius: 0px;\" srcset=\"https:\/\/dictionnaire-cep.upf.pf\/wp-content\/uploads\/2025\/02\/Les-effectifs-et-la-main-doeuvre-du-CEP-300x60.jpeg 300w, https:\/\/dictionnaire-cep.upf.pf\/wp-content\/uploads\/2025\/02\/Les-effectifs-et-la-main-doeuvre-du-CEP-1024x206.jpeg 1024w, https:\/\/dictionnaire-cep.upf.pf\/wp-content\/uploads\/2025\/02\/Les-effectifs-et-la-main-doeuvre-du-CEP-768x155.jpeg 768w, https:\/\/dictionnaire-cep.upf.pf\/wp-content\/uploads\/2025\/02\/Les-effectifs-et-la-main-doeuvre-du-CEP-1536x309.jpeg 1536w, https:\/\/dictionnaire-cep.upf.pf\/wp-content\/uploads\/2025\/02\/Les-effectifs-et-la-main-doeuvre-du-CEP-2048x413.jpeg 2048w\" sizes=\"auto, (max-width: 300px) 100vw, 300px\" \/><\/a><\/div><div class=\"notice-cep-content-col\" style=\"flex: 0 0 75%; max-width: 75%;\"><h2 style=\"margin: 0 0 10px; font-size: 1.5em;\"><a href=\"https:\/\/dictionnaire-cep.upf.pf\/tah\/notice-cep\/les-effectifs-et-la-main-doeuvre-du-cep\/\" style=\"text-decoration: none; color: inherit;\" title=\"Te mau rahira\u2019a ta\u2019ata e te rima-\u2019ohipa a te CEP\">Te mau rahira\u2019a ta\u2019ata e te rima-\u2019ohipa a te CEP<\/a><\/h2><div class=\"module module-icon icon_horizontal\">    <div class=\"module-icon-item\">        <em class=\"tf_box\" style=\"color:#008f98\">            <svg class=\"tf_fa tf-far-calendar-alt\" aria-hidden=\"true\"><use href=\"#tf-far-calendar-alt\"><\/use><\/svg>        <\/em><span style=\"font-size: 12px; color:#008f98;\">Mahana faaite :  4 February 2025<\/span>    <\/div><\/div><div style=\"margin-bottom: 15px;\"><p>SHD :<br \/>\nGR 9 R 89<br \/>\nGR 9 R 890<br \/>\nGR 9 S 93<\/p>\n<p>SGDSN :<br \/>\nMai t\u014dmite n\u014d te p\u0101rurura\u2019a n\u014d te matahiti 1964. <\/p>\n<p>SPAA :<br \/>\n146 W 50<\/p>\n<\/div><a href=\"https:\/\/dictionnaire-cep.upf.pf\/tah\/notice-cep\/les-effectifs-et-la-main-doeuvre-du-cep\/\" style=\"border: 1px solid #707070; display: inline-block; padding: 10px 20px; background-color: #4a5d8a; color: #fff; text-decoration: none; border-radius: 0px; margin-top: 10px;\" title=\"Te mau rahira\u2019a ta\u2019ata e te rima-\u2019ohipa a te CEP\">Lire la Notice<\/a><\/div><\/div><\/div><div class=\"notice-cep-pagination\" style=\"margin-top: 20px; text-align: center;\"><span aria-current=\"page\" class=\"page-numbers current\">1<\/span>\n<a class=\"page-numbers\" href=\"\/tah\/wp-json\/wp\/v2\/pages\/1574?paged=2\">2<\/a>\n<a class=\"page-numbers\" href=\"\/tah\/wp-json\/wp\/v2\/pages\/1574?paged=3\">3<\/a>\n<span class=\"page-numbers dots\">&hellip;<\/span>\n<a class=\"page-numbers\" href=\"\/tah\/wp-json\/wp\/v2\/pages\/1574?paged=5\">5<\/a>\n<a class=\"next page-numbers\" href=\"\/tah\/wp-json\/wp\/v2\/pages\/1574?paged=2\">Suivant \u00bb<\/a><\/div><script>console.log(\"Current Page: 1\");console.log(\"Total Posts: 21\");console.log(\"Total Pages: 5\");<\/script>\n    <\/div>\n<\/div>\n<!-- \/module plain text -->        <\/div>\n                        <\/div>\n        <\/div>\n        <\/div>\n<!--\/themify_builder_content-->","protected":false},"excerpt":{"rendered":"<p>Sources archivistiques Liste des sources<\/p>\n","protected":false},"author":1,"featured_media":0,"parent":1568,"menu_order":0,"comment_status":"closed","ping_status":"closed","template":"","meta":{"_acf_changed":false,"footnotes":""},"class_list":["post-1574","page","type-page","status-publish","hentry","has-post-title","has-post-date","has-post-category","has-post-tag","has-post-comment","has-post-author",""],"acf":[],"yoast_head":"<!-- This site is optimized with the Yoast SEO Premium plugin v24.4 (Yoast SEO v27.1.1) - https:\/\/yoast.com\/product\/yoast-seo-premium-wordpress\/ -->\n<title>Sources archivistiques - Dictionnaire historique du CEP<\/title>\n<meta name=\"robots\" content=\"index, follow, max-snippet:-1, max-image-preview:large, max-video-preview:-1\" \/>\n<link rel=\"canonical\" href=\"https:\/\/dictionnaire-cep.upf.pf\/ressources\/sources-archivistiques\/\" \/>\n<meta property=\"og:locale\" content=\"en_US\" \/>\n<meta property=\"og:type\" content=\"article\" \/>\n<meta property=\"og:title\" content=\"Sources archivistiques\" \/>\n<meta property=\"og:description\" content=\"Sources archivistiques Liste des sources\" \/>\n<meta property=\"og:url\" content=\"https:\/\/dictionnaire-cep.upf.pf\/ressources\/sources-archivistiques\/\" \/>\n<meta property=\"og:site_name\" content=\"Dictionnaire historique du CEP\" \/>\n<meta property=\"article:modified_time\" content=\"2025-01-30T19:55:10+00:00\" \/>\n<meta property=\"og:image\" content=\"https:\/\/dictionnaire-cep.upf.pf\/wp-content\/uploads\/2025\/02\/logo-dictionnaire-du-cep-bg-dark.png\" \/>\n\t<meta property=\"og:image:width\" content=\"790\" \/>\n\t<meta property=\"og:image:height\" content=\"782\" \/>\n\t<meta property=\"og:image:type\" content=\"image\/png\" \/>\n<meta name=\"twitter:card\" content=\"summary_large_image\" \/>\n<script type=\"application\/ld+json\" class=\"yoast-schema-graph\">{\"@context\":\"https:\/\/schema.org\",\"@graph\":[{\"@type\":\"WebPage\",\"@id\":\"https:\/\/dictionnaire-cep.upf.pf\/ressources\/sources-archivistiques\/\",\"url\":\"https:\/\/dictionnaire-cep.upf.pf\/ressources\/sources-archivistiques\/\",\"name\":\"Sources archivistiques - Dictionnaire historique du CEP\",\"isPartOf\":{\"@id\":\"https:\/\/dictionnaire-cep.upf.pf\/#website\"},\"datePublished\":\"2024-11-16T23:48:11+00:00\",\"dateModified\":\"2025-01-30T19:55:10+00:00\",\"breadcrumb\":{\"@id\":\"https:\/\/dictionnaire-cep.upf.pf\/ressources\/sources-archivistiques\/#breadcrumb\"},\"inLanguage\":\"ty-reo\",\"potentialAction\":[{\"@type\":\"ReadAction\",\"target\":[\"https:\/\/dictionnaire-cep.upf.pf\/ressources\/sources-archivistiques\/\"]}]},{\"@type\":\"BreadcrumbList\",\"@id\":\"https:\/\/dictionnaire-cep.upf.pf\/ressources\/sources-archivistiques\/#breadcrumb\",\"itemListElement\":[{\"@type\":\"ListItem\",\"position\":1,\"name\":\"Accueil\",\"item\":\"https:\/\/dictionnaire-cep.upf.pf\/tah\/\"},{\"@type\":\"ListItem\",\"position\":2,\"name\":\"Te mau \u2019ara\u2019arara\u2019a\",\"item\":\"https:\/\/dictionnaire-cep.upf.pf\/tah\/ressources\/\"},{\"@type\":\"ListItem\",\"position\":3,\"name\":\"Sources archivistiques\"}]},{\"@type\":\"WebSite\",\"@id\":\"https:\/\/dictionnaire-cep.upf.pf\/#website\",\"url\":\"https:\/\/dictionnaire-cep.upf.pf\/\",\"name\":\"Dictionnaire historique du CEP\",\"description\":\"\",\"publisher\":{\"@id\":\"https:\/\/dictionnaire-cep.upf.pf\/#organization\"},\"potentialAction\":[{\"@type\":\"SearchAction\",\"target\":{\"@type\":\"EntryPoint\",\"urlTemplate\":\"https:\/\/dictionnaire-cep.upf.pf\/?s={search_term_string}\"},\"query-input\":{\"@type\":\"PropertyValueSpecification\",\"valueRequired\":true,\"valueName\":\"search_term_string\"}}],\"inLanguage\":\"ty-reo\"},{\"@type\":\"Organization\",\"@id\":\"https:\/\/dictionnaire-cep.upf.pf\/#organization\",\"name\":\"Dictionnaire historique du CEP\",\"url\":\"https:\/\/dictionnaire-cep.upf.pf\/\",\"logo\":{\"@type\":\"ImageObject\",\"inLanguage\":\"ty-reo\",\"@id\":\"https:\/\/dictionnaire-cep.upf.pf\/#\/schema\/logo\/image\/\",\"url\":\"https:\/\/dictionnaire-cep.upf.pf\/wp-content\/uploads\/2025\/02\/logo-dictionnaire-du-cep-bg-dark.png\",\"contentUrl\":\"https:\/\/dictionnaire-cep.upf.pf\/wp-content\/uploads\/2025\/02\/logo-dictionnaire-du-cep-bg-dark.png\",\"width\":790,\"height\":782,\"caption\":\"Dictionnaire historique du CEP\"},\"image\":{\"@id\":\"https:\/\/dictionnaire-cep.upf.pf\/#\/schema\/logo\/image\/\"},\"publishingPrinciples\":\"https:\/\/dictionnaire-cep.upf.pf\/notices\/\"}]}<\/script>\n<!-- \/ Yoast SEO Premium plugin. -->","yoast_head_json":{"title":"Sources archivistiques - Dictionnaire historique du CEP","robots":{"index":"index","follow":"follow","max-snippet":"max-snippet:-1","max-image-preview":"max-image-preview:large","max-video-preview":"max-video-preview:-1"},"canonical":"https:\/\/dictionnaire-cep.upf.pf\/ressources\/sources-archivistiques\/","og_locale":"en_US","og_type":"article","og_title":"Sources archivistiques","og_description":"Sources archivistiques Liste des sources","og_url":"https:\/\/dictionnaire-cep.upf.pf\/ressources\/sources-archivistiques\/","og_site_name":"Dictionnaire historique du CEP","article_modified_time":"2025-01-30T19:55:10+00:00","og_image":[{"width":790,"height":782,"url":"https:\/\/dictionnaire-cep.upf.pf\/wp-content\/uploads\/2025\/02\/logo-dictionnaire-du-cep-bg-dark.png","type":"image\/png"}],"twitter_card":"summary_large_image","schema":{"@context":"https:\/\/schema.org","@graph":[{"@type":"WebPage","@id":"https:\/\/dictionnaire-cep.upf.pf\/ressources\/sources-archivistiques\/","url":"https:\/\/dictionnaire-cep.upf.pf\/ressources\/sources-archivistiques\/","name":"Sources archivistiques - Dictionnaire historique du CEP","isPartOf":{"@id":"https:\/\/dictionnaire-cep.upf.pf\/#website"},"datePublished":"2024-11-16T23:48:11+00:00","dateModified":"2025-01-30T19:55:10+00:00","breadcrumb":{"@id":"https:\/\/dictionnaire-cep.upf.pf\/ressources\/sources-archivistiques\/#breadcrumb"},"inLanguage":"ty-reo","potentialAction":[{"@type":"ReadAction","target":["https:\/\/dictionnaire-cep.upf.pf\/ressources\/sources-archivistiques\/"]}]},{"@type":"BreadcrumbList","@id":"https:\/\/dictionnaire-cep.upf.pf\/ressources\/sources-archivistiques\/#breadcrumb","itemListElement":[{"@type":"ListItem","position":1,"name":"Accueil","item":"https:\/\/dictionnaire-cep.upf.pf\/tah\/"},{"@type":"ListItem","position":2,"name":"Te mau \u2019ara\u2019arara\u2019a","item":"https:\/\/dictionnaire-cep.upf.pf\/tah\/ressources\/"},{"@type":"ListItem","position":3,"name":"Sources archivistiques"}]},{"@type":"WebSite","@id":"https:\/\/dictionnaire-cep.upf.pf\/#website","url":"https:\/\/dictionnaire-cep.upf.pf\/","name":"Dictionnaire historique du CEP","description":"","publisher":{"@id":"https:\/\/dictionnaire-cep.upf.pf\/#organization"},"potentialAction":[{"@type":"SearchAction","target":{"@type":"EntryPoint","urlTemplate":"https:\/\/dictionnaire-cep.upf.pf\/?s={search_term_string}"},"query-input":{"@type":"PropertyValueSpecification","valueRequired":true,"valueName":"search_term_string"}}],"inLanguage":"ty-reo"},{"@type":"Organization","@id":"https:\/\/dictionnaire-cep.upf.pf\/#organization","name":"Dictionnaire historique du CEP","url":"https:\/\/dictionnaire-cep.upf.pf\/","logo":{"@type":"ImageObject","inLanguage":"ty-reo","@id":"https:\/\/dictionnaire-cep.upf.pf\/#\/schema\/logo\/image\/","url":"https:\/\/dictionnaire-cep.upf.pf\/wp-content\/uploads\/2025\/02\/logo-dictionnaire-du-cep-bg-dark.png","contentUrl":"https:\/\/dictionnaire-cep.upf.pf\/wp-content\/uploads\/2025\/02\/logo-dictionnaire-du-cep-bg-dark.png","width":790,"height":782,"caption":"Dictionnaire historique du CEP"},"image":{"@id":"https:\/\/dictionnaire-cep.upf.pf\/#\/schema\/logo\/image\/"},"publishingPrinciples":"https:\/\/dictionnaire-cep.upf.pf\/notices\/"}]}},"builder_content":"<h1>R\u0101ve\u2019a ana upu<\/h1>\n<h3>Liste des sources<\/h3>\n[notice_cep_archive field=\"sources\" posts_per_page=\"5\"]","_links":{"self":[{"href":"https:\/\/dictionnaire-cep.upf.pf\/tah\/wp-json\/wp\/v2\/pages\/1574","targetHints":{"allow":["GET"]}}],"collection":[{"href":"https:\/\/dictionnaire-cep.upf.pf\/tah\/wp-json\/wp\/v2\/pages"}],"about":[{"href":"https:\/\/dictionnaire-cep.upf.pf\/tah\/wp-json\/wp\/v2\/types\/page"}],"author":[{"embeddable":true,"href":"https:\/\/dictionnaire-cep.upf.pf\/tah\/wp-json\/wp\/v2\/users\/1"}],"replies":[{"embeddable":true,"href":"https:\/\/dictionnaire-cep.upf.pf\/tah\/wp-json\/wp\/v2\/comments?post=1574"}],"version-history":[{"count":15,"href":"https:\/\/dictionnaire-cep.upf.pf\/tah\/wp-json\/wp\/v2\/pages\/1574\/revisions"}],"predecessor-version":[{"id":2814,"href":"https:\/\/dictionnaire-cep.upf.pf\/tah\/wp-json\/wp\/v2\/pages\/1574\/revisions\/2814"}],"up":[{"embeddable":true,"href":"https:\/\/dictionnaire-cep.upf.pf\/tah\/wp-json\/wp\/v2\/pages\/1568"}],"wp:attachment":[{"href":"https:\/\/dictionnaire-cep.upf.pf\/tah\/wp-json\/wp\/v2\/media?parent=1574"}],"curies":[{"name":"wp","href":"https:\/\/api.w.org\/{rel}","templated":true}]}}